
3
What is the ten thousands digit of 708643?
0
What is the thousands digit of 263960?
3
What is the millions digit of 1275926?
1
What is the thousands digit of 280886?
0
What is the tens digit of 419101?
0
What is the thousands digit of 10348522?
8
What is the thousands digit of 1809379?
9
What is the units digit of 153782?
2
What is the hundreds digit of 7127447?
4
What is the thousands digit of 1650521?
0
What is the hundreds digit of 5774025?
0
What is the tens digit of 11707916?
1
What is the units digit of 195148?
8
What is the tens digit of 11105?
0
What is the hundred thousands digit of 976552?
9
What is the hundreds digit of 136637?
6
What is the units digit of 376642?
2
What is the hundred thousands digit of 3408854?
4
What is the hundreds digit of 4538279?
2
What is the hundreds digit of 942332?
3
What is the ten thousands digit of 508092?
0
What is the thousands digit of 159683?
9
What is the tens digit of 28862?
6
What is the thousands digit of 2309454?
9
What is the hundreds digit of 24826?
8
What is the tens digit of 4260323?
2
What is the ten millions digit of 17234980?
1
What is the hundred thousands digit of 613550?
6
What is the thousands digit of 990097?
0
What is the ten thousands digit of 3535507?
3
What is the thousands digit of 3540898?
0
What is the thousands digit of 446920?
6
What is the tens digit of 6352?
5
What is the hundred thousands digit of 21212137?
2
What is the ten millions digit of 36293284?
3
What is the tens digit of 1677234?
3
What is the hundred thousands digit of 395077?
3
What is the tens digit of 624423?
2
What is the hundreds digit of 9744?
7
What is the units digit of 1041543?
3
What is the thousands digit of 943188?
3
What is the hundred thousands digit of 3135952?
1
What is the ten thousands digit of 1318866?
1
What is the ten thousands digit of 1873192?
7
What is the millions digit of 18289608?
8
What is the ten thousands digit of 286820?
8
What is the ten thousands digit of 178527?
7
What is the ten thousands digit of 283404?
8
What is the hundreds digit of 708815?
8
What is the tens digit of 8849086?
8
What is the units digit of 275232?
2
What is the hundred thousands digit of 389693?
3
What is the thousands digit of 1771635?
1
What is the units digit of 269237?
7
What is the millions digit of 3483606?
3
What is the tens digit of 1335982?
8
What is the hundreds digit of 6127241?
2
What is the thousands digit of 2454918?
4
What is the units digit of 31580?
0
What is the thousands digit of 9198?
9
What is the ten thousands digit of 31085?
3
What is the units digit of 70274?
4
What is the hundreds digit of 3069934?
9
What is the ten thousands digit of 349708?
4
What is the tens digit of 2358547?
4
What is the millions digit of 6210317?
6
What is the hundreds digit of 20102?
1
What is the units digit of 908838?
8
What is the tens digit of 9398585?
8
What is the hundred thousands digit of 301176?
3
What is the millions digit of 1682046?
1
What is the tens digit of 391655?
5
What is the hundreds digit of 787925?
9
What is the hundred thousands digit of 697784?
6
What is the hundred thousands digit of 27546080?
5
What is the units digit of 271003?
3
What is the units digit of 13038380?
0
What is the ten thousands digit of 1113311?
1
What is the hundreds digit of 208180?
1
What is the ten thousands digit of 7891756?
9
What is the ten thousands digit of 780110?
8
What is the tens digit of 3100880?
8
What is the millions digit of 23382532?
3
What is the millions digit of 1302850?
1
What is the tens digit of 30196?
9
What is the thousands digit of 7184135?
4
What is the ten thousands digit of 82794?
8
What is the units digit of 360249?
9
What is the hundred thousands digit of 3899325?
8
What is the hundreds digit of 137034?
0
What is the hundreds digit of 5861?
8
What is the units digit of 1372088?
8
What is the thousands digit of 3997789?
7
What is the hundred thousands digit of 14875608?
8
What is the tens digit of 1192889?
8
What is the thousands digit of 9329170?
9
What is the units digit of 5951299?
9
What is the tens digit of 655397?
9
What is the tens digit of 21752802?
0
What is the tens digit of 79874?
7
What is the thousands digit of 138238?
8
What is the units digit of 9138613?
3
What is the thousands digit of 351144?
1
What is the hundred thousands digit of 218635?
2
What is the hundred thousands digit of 1932781?
9
What is the millions digit of 10728206?
0
What is the millions digit of 4996439?
4
What is the thousands digit of 406060?
6
What is the hundreds digit of 2170985?
9
What is the units digit of 537359?
9
What is the ten thousands digit of 117263?
1
What is the units digit of 3797630?
0
What is the hundred thousands digit of 2004638?
0
What is the thousands digit of 19277513?
7
What is the thousands digit of 3099417?
9
What is the units digit of 13265941?
1
What is the ten thousands digit of 381456?
8
What is the millions digit of 3923638?
3
What is the thousands digit of 29295381?
5
What is the units digit of 9563092?
2
What is the tens digit of 1449656?
5
What is the thousands digit of 3557685?
7
What is the hundred thousands digit of 3640327?
6
What is the ten thousands digit of 1695761?
9
What is the tens digit of 3577126?
2
What is the millions digit of 2865612?
2
What is the units digit of 8094391?
1
What is the thousands digit of 618355?
8
What is the thousands digit of 218227?
8
What is the hundred thousands digit of 29400750?
4
What is the thousands digit of 6486835?
6
What is the tens digit of 96609?
0
What is the hundred thousands digit of 831815?
8
What is the hundred thousands digit of 647229?
6
What is the units digit of 3474934?
4
What is the units digit of 1082409?
9
What is the hundred thousands digit of 2897234?
8
What is the ten thousands digit of 147139?
4
What is the hundreds digit of 1068095?
0
What is the hundreds digit of 1470384?
3
What is the ten thousands digit of 613961?
1
What is the thousands digit of 22746847?
6
What is the hundred thousands digit of 462485?
4
What is the hundreds digit of 352808?
8
What is the units digit of 175208?
8
What is the thousands digit of 299622?
9
What is the millions digit of 9836751?
9
What is the millions digit of 2717860?
2
What is the thousands digit of 416646?
6
What is the hundred thousands digit of 6350143?
3
What is the hundred thousands digit of 15710813?
7
What is the millions digit of 14311899?
4
What is the tens digit of 54900?
0
What is the tens digit of 105932?
3
What is the millions digit of 35071471?
5
What is the millions digit of 3866493?
3
What is the thousands digit of 564058?
4
What is the ten thousands digit of 253028?
5
What is the tens digit of 16853054?
5
What is the tens digit of 571268?
6
What is the units digit of 109600?
0
What is the ten thousands digit of 2032828?
3
What is the thousands digit of 496929?
6
What is the hundred thousands digit of 1914041?
9
What is the ten thousands digit of 362240?
6
What is the thousands digit of 2391894?
1
What is the thousands digit of 1527211?
7
What is the thousands digit of 385292?
5
What is the hundreds digit of 892910?
9
What is the millions digit of 2407950?
2
What is the ten thousands digit of 365135?
6
What is the units digit of 615455?
5
What is the hundred thousands digit of 944713?
9
What is the hundred thousands digit of 706329?
7
What is the ten thousands digit of 21110365?
1
What is the units digit of 36189397?
7
What is the tens digit of 358724?
2
What is the ten thousands digit of 669196?
6
What is the thousands digit of 66602?
6
What is the thousands digit of 331963?
1
What is the units digit of 1054799?
9
What is the thousands digit of 6236954?
6
What is the thousands digit of 1567168?
7
What is the tens digit of 289988?
8
What is the tens digit of 454099?
9
What is the hundred thousands digit of 5589057?
5
What is the thousands digit of 526137?
6
What is the hundreds digit of 1941616?
6
What is the millions digit of 11539367?
1
What is the hundred thousands digit of 703571?
7
What is the units digit of 407243?
3
What is the hundred thousands digit of 16966200?
9
What is the millions digit of 6222372?
6
What is the ten thousands digit of 1220869?
2
What is the hundreds digit of 2769855?
8
What is the tens digit of 2233067?
6
What is t